 greatest common divisor of 64 and 12640.
32
What is the highest common factor of 10 and 250?
10
What is the greatest common divisor of 556 and 417?
139
Calculate the greatest common factor of 1676 and 28.
4
Calculate the highest common factor of 128 and 96.
32
Calculate the highest common divisor of 27 and 3537.
27
What is the highest common divisor of 18535 and 55?
55
Calculate the highest common divisor of 5371 and 393.
131
What is the highest common divisor of 306 and 2?
2
Calculate the greatest common factor of 430 and 5.
5
Calculate the highest common divisor of 126 and 2968.
14
Calculate the highest common factor of 2 and 94.
2
Calculate the greatest common divisor of 35 and 15.
5
Calculate the greatest common divisor of 3105 and 230.
115
What is the greatest common factor of 978 and 4?
2
What is the greatest common factor of 658 and 14?
14
What is the greatest common divisor of 27 and 513?
27
Calculate the greatest common divisor of 256 and 48.
16
Calculate the highest common divisor of 23 and 4393.
23
What is the highest common divisor of 26 and 338?
26
Calculate the greatest common divisor of 14729 and 429.
143
What is the greatest common factor of 2394 and 95?
19
Calculate the greatest common divisor of 53 and 19133.
53
Calculate the greatest common divisor of 3952 and 32.
16
What is the highest common factor of 34 and 731?
17
Calculate the greatest common factor of 4350 and 1392.
174
Calculate the greatest common factor of 966 and 294.
42
What is the greatest common factor of 3663 and 222?
111
What is the greatest common divisor of 15 and 171?
3
What is the highest common factor of 54 and 13482?
18
What is the greatest common factor of 20 and 545?
5
What is the greatest common factor of 7 and 15323?
7
Calculate the greatest common factor of 56 and 3064.
8
What is the greatest common divisor of 6 and 2?
2
Calculate the highest common divisor of 42625 and 682.
341
What is the highest common divisor of 15697 and 11?
11
What is the highest common factor of 10101 and 37?
37
Calculate the greatest common divisor of 55 and 187.
11
What is the greatest common factor of 4352 and 16?
16
Calculate the greatest common factor of 45 and 395.
5
Calculate the highest common divisor of 91 and 2275.
91
Calculate the highest common factor of 68 and 816.
68
What is the highest common divisor of 275 and 11?
11
What is the highest common divisor of 35 and 7?
7
Calculate the highest common factor of 36 and 5760.
36
What is the greatest common factor of 54 and 1134?
54
Calculate the highest common divisor of 3397 and 43.
43
What is the greatest common divisor of 20650 and 50?
50
Calculate the highest common divisor of 364 and 420.
28
What is the highest common divisor of 18 and 29799?
9
What is the highest common factor of 5162 and 58?
58
Calculate the greatest common factor of 185 and 13505.
185
What is the highest common divisor of 62 and 8897?
31
What is the highest common factor of 36 and 81?
9
What is the highest common divisor of 264 and 99?
33
Calculate the highest common factor of 198 and 1332.
18
Calculate the highest common factor of 44 and 52.
4
What is the highest common divisor of 171 and 9?
9
What is the highest common factor of 892 and 6467?
223
What is the greatest common factor of 65 and 13?
13
Calculate the highest common divisor of 49672 and 28.
28
Calculate the greatest common factor of 1590 and 106.
106
Calculate the highest common factor of 175 and 840.
35
What is the greatest common factor of 2512 and 64?
16
What is the highest common divisor of 243 and 3?
3
Calculate the greatest common factor of 6 and 2004.
6
Calculate the greatest common factor of 360 and 300.
60
What is the greatest common factor of 1838 and 2?
2
What is the highest common divisor of 50 and 2?
2
What is the greatest common factor of 6 and 1014?
6
What is the greatest common divisor of 9 and 54?
9
What is the highest common factor of 220 and 1595?
55
What is the highest common factor of 4922 and 138?
46
Calculate the highest common factor of 2444 and 156.
52
What is the highest common factor of 581 and 7?
7
Calculate the highest common factor of 370 and 410.
10
What is the greatest common factor of 5 and 2795?
5
Calculate the greatest common divisor of 63 and 56.
7
What is the greatest common factor of 493 and 203?
29
What is the greatest common divisor of 1896 and 24?
24
Calculate the highest common factor of 67 and 871.
67
Calculate the greatest common factor of 339 and 113.
113
Calculate the greatest common divisor of 917 and 63.
7
Calculate the greatest common factor of 602 and 14.
14
Calculate the greatest common divisor of 84 and 30.
6
What is the greatest common factor of 2601 and 408?
51
What is the highest common divisor of 128 and 248?
8
Calculate the highest common factor of 45581 and 19.
19
Calculate the greatest common divisor of 117 and 611.
13
Calculate the greatest common factor of 4896 and 1440.
288
Calculate the highest common factor of 9345 and 70.
35
What is the highest common factor of 693 and 63?
63
What is the highest common divisor of 71 and 1562?
71
Calculate the highest common divisor of 51 and 119.
17
What is the highest common factor of 63 and 12747?
21
What is the highest common divisor of 4 and 116?
4
What is the greatest common divisor of 133 and 16929?
19
Calculate the greatest common factor of 1435 and 35.
35
What is the highest common factor of 949 and 169?
13
Calculate the highest common divisor of 56 and 8.
8
Calculate the greatest common factor of 693 and 63.
63
What is the highest common divisor of 1904 and 17?
17
What is the greatest common divisor of 6 and 318?
6
What is the highest common factor of 1 and 16?
1
Calculate the highest common factor of 38 and 114.
38
What is the highest common divisor of 1247 and 261?
29
Calculate the highest common factor of 1596 and 336.
84
Calculate the greatest common divisor of 5875 and 375.
125
What is the greatest common divisor of 63 and 581?
7
Calculate the highest common factor of 312 and 663.
39
Calculate the greatest common factor of 12 and 33.
3
Calculate the highest common factor of 26 and 43810.
26
Calculate the highest common divisor of 30 and 210.
30
Calculate the greatest common divisor of 34 and 1649.
17
What is the highest common factor of 136 and 4301?
17
What is the greatest common divisor of 288 and 639?
9
Calculate the highest common divisor of 38 and 8.
2
Calculate the highest common factor of 1333 and 31.
31
What is the greatest common factor of 152 and 28272?
152
What is the greatest common factor of 917 and 63?
7
What is the highest common factor of 3 and 15?
3
What is the greatest common factor of 8 and 50?
2
What is the greatest common factor of 24 and 2910?
6
Calculate the highest common divisor of 707 and 7.
7
What is the greatest common divisor of 635 and 127?
127
Calculate the highest common factor of 9 and 2763.
9
Calculate the greatest common divisor of 304 and 95.
19
Calculate the greatest common divisor of 9516 and 1092.
156
What is the highest common factor of 1922 and 2?
2
Calculate the highest common divisor of 124 and 12524.
124
Calculate the highest common factor of 23 and 19136.
23
Calculate the highest common divisor of 6 and 1509.
3
Calculate the greatest common divisor of 124 and 961.
31
What is the highest common divisor of 75 and 3775?
25
What is the highest common factor of 253 and 55?
11
What is the greatest common factor of 9856 and 576?
64
What is the highest common divisor of 305 and 3721?
61
Calculate the highest common divisor of 3968 and 608.
32
What is the greatest common divisor of 32 and 960?
32
Calculate the highest common divisor of 100 and 140.
20
Calculate the greatest common factor of 9801 and 9.
9
Calculate the greatest common divisor of 30 and 21795.
15
Calculate the highest common divisor of 13489 and 82.
41
Calculate the greatest common divisor of 150 and 6.
6
Calculate the highest common factor of 190 and 240.
10
What is the greatest common factor of 65 and 208?
13
What is the greatest common divisor of 50 and 10820?
10
What is the greatest common factor of 19 and 4541?
19
Calculate the highest common factor of 497 and 7.
7
Calculate the greatest common factor of 11890 and 58.
58
What is the highest common divisor of 31